219. What are the prime factors of q/((-3 + -1)/2)?
3, 17
Let h(o) = 4*o**3 + 11*o**2 - 15*o - 8. Let g(v) = -9*v - 290. Let c be g(-33). What are the prime factors of h(c)?
2, 29, 31
Let h = 77 + -65. Let f be ((-16)/6)/(h/9 + -2). Suppose f*u - 680 = -5*w, -3*w + 2*u = 4*u - 410. What are the prime factors of w?
2, 5, 7
Let b = 21179 + -8745. List the prime factors of b.
2, 6217
Let y(i) = -i**3 + i + 2. Let x be y(0). Let q(z) = 5*z**2 + 2*z**2 + 3 - 2*z**x + 4*z. What are the prime factors of q(-2)?
3, 5
Let o be 114/(-9)*(-72)/(-16). Let g = o + 62. Suppose -g*d = -93 - 382. What are the prime factors of d?
5, 19
Suppose 0 = 24*s + 6 - 54. Let m = -7 + 5. What are the prime factors of (-1)/m*(-488 + s)/(-3)?
3
Let r(q) = -4653*q**2 + 4662*q**2 - 10*q - 7 - 2 - 2 + q**3. Let u be -2*(-2)/((-8)/18). What are the prime factors of r(u)?
79
Let r = 15720 + 14474. List the prime factors of r.
2, 31, 487
Suppose 4*m - 8 = -16. Let a be 80/8*(-9)/m. Suppose y - a = t, 3*t + 0 = -6. What are the prime factors of y?
43
Let t be (-6 + 4)/(-2) + 741. Suppose -2*z - 3*g + t = 0, z - g = -4*z + 1821. What are the prime factors of z?
5, 73
Let v be (-9)/(297/(-22))*(2 - -1). Suppose 0 = v*d - 2*z - 555 - 331, 0 = 4*d - 2*z - 1768. What are the prime factors of d?
3, 7
Suppose 5*v = 4*u + u - 5050, -4067 = -4*u - 5*v. Suppose u = 3*k - 493. What are the prime factors of k?
2, 251
Let l(d) be the first derivative of -9*d**4/4 - 2*d**3/3 + d**2 - d - 22. Let g be l(1). What are the prime factors of -2 - -53 - (g + 10)?
3, 17
Let a be (1 + 38/10)/(65/91000). Suppose 17*q + a = 20830. List the prime factors of q.
2, 5, 83
Suppose 62*m + 465 = 1829. Suppose -31*t + m*t = -12618. List the prime factors of t.
2, 701
Let s(j) = 2*j**3 - 7*j**2 + 3*j - 3. Let k be s(3). What are the prime factors of -2 - (5016/4)/k?
2, 13
What are the prime factors of (1 - 2)*1 - (-6079 + -288)?
2, 3, 1061
Suppose 68 = 23*z - 93. Suppose 0 = 8*t + z*t - 3750. What are the prime factors of t?
2, 5
Let j(o) = -52846*o**3 - 77*o - 76. List the prime factors of j(-1).
43, 1229
Let y(w) = -w + 22. Let x be y(20). Suppose 0 = 2*n + x*h + 61 - 247, 9 = 3*h. What are the prime factors of n?
2, 3, 5
Let x = 15097 - 14299. Let d = -6 + 12. Suppose x = d*r + r. What are the prime factors of r?
2, 3, 19
Let y = -7947 + 14100. What are the prime factors of y?
3, 7, 293
Suppose 1434 = 5*k - 521. Suppose 19*x = 12418 - k. What are the prime factors of x?
3, 211
Suppose 44 = -r + 5*r. Let o(l) = -7*l - 5*l + 35*l + 8 + l**2 - 6*l - 8*l. What are the prime factors of o(r)?
2, 3, 19
Let z be -10*(-2)/8 - (-3)/(-6). Suppose -q = -3*k - 15, -3*k + 5 = -z*k + 3*q. List the prime factors of 67/(-3 - -1 - 10/k).
2, 67
Suppose -101*j + 598891 - 30443 = 70619. List the prime factors of j.
3, 31, 53
Suppose -381271 - 48967 = -33*w + 16483. List the prime factors of w.
13537
Let n = -139 - -2867. Suppose -n + 10996 = 13*t. List the prime factors of t.
2, 3, 53
Let i(m) = -3 - 34 + 13 + 6*m. Let c be i(5). What are the prime factors of ((-312)/91)/((c/28)/(-3))?
2, 3
Let h(s) = 3*s**2 + 68*s - 25. Let u be h(-23). Let c(r) = 273*r**2 + 38*r + 80. List the prime factors of c(u).
2, 137
List the prime factors of (140/7 - 1531)*2/(2/(-7)).
7, 1511
Let p(r) = r**2 + 2*r + 3. Let s be p(0). Suppose 4*k = -0*k - 5*f + 667, s*k = -f + 492. What are the prime factors of k?
163
Let l(c) = 1782*c - 42. List the prime factors of l(16).
2, 3, 5, 13, 73
Suppose 84979 = -17*l + 385386. What are the prime factors of l?
41, 431
Let h be (-1)/5 + (-1248)/(-15). Let y = 281 + -308. Let v = y + h. List the prime factors of v.
2, 7
Let k(f) be the third derivative of f**5/10 - 2*f**4/3 - 17*f**3/6 + 2*f**2 - 28. List the prime factors of k(-6).
5, 59
Let i = 147 - 148. List the prime factors of 26*8 - (i - 2 - 1).
2, 53
Let o = 32692 + -9938. List the prime factors of o.
2, 31, 367
Suppose 3*p - 234 = -66. Let v = p - 57. List the prime factors of 203 - (2 - (0 - v)).
2, 101
Let a(r) = 5*r**2 - 2*r + 27. Let q be 11/1*(1 - 0) - -3. Let b = 9 - q. List the prime factors of a(b).
2, 3
Let z be (1 - ((-9)/3 + -42)) + -4. Suppose -25 = h - z. Let o = 27 - h. What are the prime factors of o?
2, 5
Let g(j) be the third derivative of -j**5/60 - j**4/2 - 4*j**3 + 15*j**2. Let s be g(-10). What are the prime factors of (-10)/(70/(-15) - s)?
3, 5
Let n(i) = -31*i + 8. Let o(y) = -y + 1. Let z(u) = n(u) - 5*o(u). Let m be z(-4). Suppose -3*l + m = 26. List the prime factors of l.
3
Let a be -3 - 1410/(30/6). Let t = a - -511. List the prime factors of t.
2, 113
Suppose -4*k - 3*g = 159, 3*k - 4*g + 88 = -0*g. Let f = k + 29. Let x(b) = -5*b + 5. List the prime factors of x(f).
2, 5
Let b(f) = 55*f**2 + 46*f + 326. What are the prime factors of b(-13)?
7, 1289
What are the prime factors of (-12)/8 + 416823/34 + -7?
12251
Let i = 339 + -208. Let z = 777 - i. List the prime factors of z.
2, 17, 19
Suppose 0 = -4*b + 3*p - 5, -4*p + 11 = -5*b - 5*p. Let u be (1/(-3))/(1/3). What are the prime factors of 110 + u - 2/b?
2, 5, 11
Let m = -7427 - -9055. List the prime factors of m.
2, 11, 37
Let k be (-5)/5*(1 + 72). Let j = k + 167. List the prime factors of j.
2, 47
Suppose 8*h - 4*h - 32 = 0. Let i = -7 + h. List the prime factors of i - 4/(-4)*84.
5, 17
Let w(o) = 5*o**2 - 24*o - 6. Suppose 22*z - 72 = 30*z. Let g be w(z). Suppose -10*k - g = -2705. What are the prime factors of k?
11, 19
Let c(y) = 5515*y + 121. What are the prime factors of c(1)?
2, 1409
Suppose -3*p = -2*p - 4*j - 61, 2*p - 3*j - 107 = 0. Let w = 100 - p. Let c = w - 34. What are the prime factors of c?
17
Suppose -r - 4*r - 3*d = 0, 0 = -2*r - d. Suppose r = -14*q - 8*q + 330. What are the prime factors of q?
3, 5
Let l(k) = 2*k**2 + 17 + 15 + 18*k - 2*k + 8*k + 13. What are the prime factors of l(-10)?
5
Suppose -2*v - 26 = -g, 4*g - 29 - 33 = 5*v. Let b be v/(-28)*(-6)/(-1). Suppose b*s - 323 + 140 = 0. List the prime factors of s.
61
Let r(g) = g**2 - 12*g - 84. Let z be r(-6). What are the prime factors of 5*(z/10 - (8 - 10))?
2, 11
Let l = 2392 - -1179. List the prime factors of l.
3571
Suppose 2*i - a + 85 - 347 = 0, 5*i = 5*a + 650. What are the prime factors of (-63)/(-21) + (-1)/(-1)*i?
3, 5
Let m(a) = 2563*a - 880. What are the prime factors of m(5)?
5, 7, 11, 31
Suppose -j = 0, 3*g - 2*j - 23522 - 9481 = 0. What are the prime factors of g?
3, 19, 193
Let z = -18518 + 39258. List the prime factors of z.
2, 5, 17, 61
Let z(t) = -19*t + 213. Let m be z(11). What are the prime factors of (2 + -6)/(-4)*(210 - m)?
2, 103
Let b be (-6)/33 + 687/(-33). List the prime factors of 7/b*(-1636 - -1).
5, 109
Suppose 5 + 0 = q. Suppose 6*g = 2*g + q*v + 1409, 0 = -5*v - 5. Suppose -y = -5*h - 2*y + 447, 3*y - g = -4*h. What are the prime factors of h?
2, 3, 5
Let w be 2 + 2 + 224 + -2. Suppose w = 5*j + 1026. Let x = 275 + j. List the prime factors of x.
5, 23
Let j(u) = -26*u + 20. Let y be j(1). List the prime factors of (-8)/y*366 - 2/1.
2, 3
Suppose -2*j + 130694 = 4*c, 2*c + 163363 = 7*c + 4*j. List the prime factors of c.
5, 1307
Let g = -37294 - -52359. What are the prime factors of g?
5, 23, 131
Suppose 0 = -4*d + c + 8, 4*c + 0 - 4 = -2*d. What are the prime factors of -3*d/9*(0 - 351)?
2, 3, 13
Let q(k) = -5*k**2 - k - 11. Let g(x) = 10*x**2 + x + 23. Let m(i) = 2*g(i) + 5*q(i). Let r be m(-3). List the prime factors of 7 - 6 - (r + 2).
2, 11
Suppose -120 = -w + 5*l, 9 = -l - 2*l. Let d = w - 102. Suppose 2*p - 156 = -k, 3*p + d + 0 = 0. What are the prime factors of k?
2, 79
Let k = 59 + -73. Let v = k - -20. Suppose 338 - v = 4*w. What are the prime factors of w?
83
List the prime factors of 4/(-3) + 1021482/54 + 0.
3, 5, 13, 97
List the prime factors of (-1)/((1059/106 - 10)*(-2)/(-79)).
53, 79
Suppose -10*f + 15*f + 470 = w, 0 = -2*f - 10. Suppose -4*u + w + 4251 = 0. List the prime factors of u.
2, 587
Let f = 48 - -6. Let p = -79 + f. Let n(y) = y**3 + 27*y**2 + 43*y - 22. What are the prime factors of n(p)?
3, 17
Suppose -n = 2*j - 7295, 9 + 7288 = n + j. What are the prime factors of n?
3, 811
Let v = 772 + -772. Suppose -13*i + 9650 - 3124 = v. What are the prime factors of i?
2, 251
Suppose -2*j + 2*s + 173362 = 0, -38*j + 41*j - 260047 = 5*s. List t